s of 24/s*(-63)/p?
2, 3
Suppose 4*c - 2018 = h - 478, 1544 = 4*c - 2*h. List the prime factors of c.
2, 3
Suppose 4*d + v - 3751 = -215, 0 = -2*v - 8. What are the prime factors of d?
3, 5, 59
Let c be 12/3 + 64 + (3 - 3). Suppose -t = -50 - c. List the prime factors of t.
2, 59
Let l = 1450 - 946. List the prime factors of l.
2, 3, 7
Let f(a) = a + 11. Let b be f(9). Suppose 2*j - 3*d + 1 = 14, -5*d + b = 5*j. List the prime factors of j/(-25) + 201/5.
2, 5
Let l be (-26)/(-5) - 17/85. Let c(z) = -z**3 + 6*z**2 - 2*z - 4. Let o be c(4). Suppose 0 = l*b - o, -3*x - 4*b + 139 = 42. What are the prime factors of x?
3
Let n(u) = 3*u**2 + 2*u - 1. Let r be n(-2). Suppose -7 = -2*t + r. Suppose -b + 5*g = 9, 0 = 5*b - 4*g + t - 46. What are the prime factors of b?
11
Suppose -43 - 42 = 5*a. Let v = 19 - a. List the prime factors of v.
2, 3
Suppose -5 = 4*b - 13, -o = -b + 7. What are the prime factors of 8/o*(-360)/16?
2, 3
Suppose 0 = -n + 4*f - 19, 2*n - 4 = -5*f + 10. Let d be -57*(n/9 + -2). Suppose -4*c = c - 2*j - d, c - 4*j = 23. List the prime factors of c.
3
Let c(x) = x**3 - 2*x**2 + 6*x + 4. Suppose 13*l = 12*l - 1. Let o be -1 - (-1 + (l - 2)). What are the prime factors of c(o)?
31
What are the prime factors of 115/3*4/6*18?
2, 5, 23
Suppose 41*w = 23*w + 12132. List the prime factors of w.
2, 337
Let w(b) be the first derivative of -b**3/3 - 14*b**2 - 8*b + 20. List the prime factors of w(-19).
163
Let j(k) = -k**3 + 24*k**2 + 7*k + 23. List the prime factors of j(22).
5, 229
Suppose q - 303 - 135 = 0. What are the prime factors of q?
2, 3, 73
Let n(t) = 2*t**2 - 2*t + 4. Let k be n(4). Suppose 2*w + i + 18 = 4, -i = -5*w - k. Let p(s) = -s + 16. What are the prime factors of p(w)?
2, 11
What are the prime factors of 14/(-147) + (-98475)/(-63)?
3, 521
Let a = 340 + -318. List the prime factors of a.
2, 11
Let t(w) be the first derivative of -w**2 + 104*w + 7. What are the prime factors of t(0)?
2, 13
Let m(d) = 6*d**2 - 4*d + 1. Let g be (42/(-35))/((-3)/(-10)). Let x be m(g). Suppose 5*n - x = -0*n - h, -3*h = 5*n - 109. What are the prime factors of n?
23
Let d be (27 - 0)/(-4 + 2 + 3). Suppose -203 = -4*o - d. What are the prime factors of o?
2, 11
Let k = -11569 - -16796. List the prime factors of k.
5227
Let v(o) = 3 + 3 - 2 + o + 0. Let r be v(0). Suppose 0 = 5*l - 4*c - 52, -r*c - 16 = -2*l - 0*c. What are the prime factors of l?
2, 3
Let w(s) = 7*s**3 - 8*s**2 + 5*s - 6. Let v(k) = 6*k**3 - 8*k**2 + 5*k - 5. Let x(c) = 5*v(c) - 4*w(c). Suppose 0*z + 20 = 4*z. List the prime factors of x(z).
2, 37
Let g(j) = -23*j + 16. What are the prime factors of g(-9)?
223
Let c(o) = 11*o - 7. Let m be c(4). Let u = m - 13. List the prime factors of u.
2, 3
Suppose 6*r = 11*r - 100. Let w = r - 15. Suppose -w*y + 29 = 9. List the prime factors of y.
2
Suppose 8 = 2*b - 3*f, -4*b = -f - 0*f - 16. Suppose k + t - 49 = 0, -b*k - 75 + 272 = 3*t. List the prime factors of k.
2, 5
Let j = 10159 + -5794. What are the prime factors of j?
3, 5, 97
Let h be (4/(-72))/((-2)/8)*9. Let q be (-2)/3*-9*1. Suppose q*s - 66 = -h*n + s, 4*n + 2*s = 116. What are the prime factors of n?
2, 7
Let q = 7 + -5. Suppose 3*p - p - 2 = q*d, -5*d = -4*p + 2. What are the prime factors of 12 - ((-4)/2)/d?
13
Suppose -190 = -7*l + 2*l. List the prime factors of (4 - 1/(1 - -1))*l.
7, 19
Suppose 7*a + 3 = -46. Let w(q) = 7*q**2 + 3*q + 5. What are the prime factors of w(a)?
3, 109
Let r be 128/12 + (-2)/(-6). Let w(l) = l**3 + 6 - r*l**2 - 1 + 4 - 11*l. What are the prime factors of w(12)?
3, 7
Suppose -4*c + 4 = -4*j - 0, 3*c + 5*j = 27. Suppose p - 46 = 3*k + 48, -c*p = 8. What are the prime factors of (k + 2)*(-16)/10?
2, 3
Suppose 3*j + 3*i - 3 = 0, 4*j - i - 5 - 4 = 0. List the prime factors of (j/(-4))/((-1)/162).
3
Let h be (-2)/3 - (-44)/(-6). List the prime factors of (-385)/(-15) + h/12.
5
Let u = 8219 + -5663. What are the prime factors of u?
2, 3, 71
Let f(j) = -2*j**3 - 3*j**2 - 5*j - 2. Let d(b) = -3*b**3 - 4*b**2 - 6*b - 3. Let p(z) = 3*d(z) - 4*f(z). List the prime factors of p(-3).
2, 5
Suppose 0 = -9*c + 15*c - 4536. List the prime factors of c.
2, 3, 7
Let s be (0 - (-3 + 2))*-2. Let j be (1 - (s + 0)) + 1. List the prime factors of (-364)/(-18) - j/18.
2, 5
Let x(p) be the second derivative of -38*p**3/3 - 5*p**2 - 36*p. List the prime factors of x(-3).
2, 109
Suppose 0 = -v - 12 - 4. Let r = v - -27. Let n = 1 + r. What are the prime factors of n?
2, 3
Suppose -3*i - 568 = -7*i. Suppose 0 = -5*p - 2*s - i, p + 14 = -3*s - s. Let f = 64 + p. List the prime factors of f.
2, 17
Suppose -3*g = 2*g - 10. Suppose 7*l + 2*n = g*l + 623, l = -3*n + 122. List the prime factors of l.
5
Let a(v) = -v**2 + 10. Let u be a(0). Suppose 185 = 5*w + 635. What are the prime factors of (8/u)/((-3)/w)?
2, 3
Let s(p) = -5*p**3 - p**2 + p + 1. Let b be s(-1). Let d(y) = -9 + 2*y**2 + 3*y**2 + 7*y - 4*y**2. What are the prime factors of d(b)?
5, 7
Let t be -4 - (2 + -4 + -6). Suppose -7 = -v + t*c, 0 = 4*c + 1 + 3. Suppose -v*p - 36 = -7*p. What are the prime factors of p?
3
Let i = -17 + 22. Suppose 3*o - 3 = 3*k, i*k - 5 = -0*o - 5*o. Suppose -a + 3*l + 36 = 0, k*l = -3*a + 3*l + 96. List the prime factors of a.
2, 3, 5
Let h = 131 + -77. List the prime factors of (h/8)/((-18)/(-336)).
2, 3, 7
Let u(v) = 16*v**3 - 2*v**2 + 2*v - 1. Let g(x) = -2*x**3 - 2*x + 1. Let k be g(2). Let l = -18 - k. What are the prime factors of u(l)?
3, 5
Suppose 4*o - 55 = 397. Let l = -22 + o. Suppose x + 3*x - 3*s = l, 3*s = 3*x - 69. What are the prime factors of x?
2, 11
Let a(c) = c**3 - 9*c**2 - 10*c - 2. Let r be a(10). Let w be (-9)/r - (-2)/4. Suppose -w = -u + 13. List the prime factors of u.
2, 3
Let x = -938 + 1568. Suppose -x = -k - 8*k. What are the prime factors of k?
2, 5, 7
Let s = -51 + 270. What are the prime factors of s?
3, 73
Let g be 3 + 2*(-2)/(-4). Suppose u = -v + 36, -2*v - g*u - 20 = -92. List the prime factors of v.
2, 3
Suppose -5978 = -2*m + 3*l, 3*l = -3*m + m + 5990. Let k be m/99 - (-2)/(-9). Suppose 0 = -5*p + 10*p - k. What are the prime factors of p?
2, 3
Let j(z) = -z**2 - 11*z + 12. Let o be j(-10). Suppose -o = -4*v + 198. What are the prime factors of v?
5, 11
Suppose -12*a = -21*a + 3375. What are the prime factors of a?
3, 5
Suppose c = -4*i - c + 14, 0 = 3*i + 4*c - 8. Let j be (27/(-12) + 2)*-4. What are the prime factors of j + (i - 3) + 38?
2, 5
Suppose -3*c + 35 + 64 = 0. Let w be 11/c + 52/(-3). Let a = w + 38. What are the prime factors of a?
3, 7
Let r = 1 + -3. Let f be (0 + r)/((-8)/(-28)). Let d = f + 19. What are the prime factors of d?
2, 3
Let f(u) = 154*u**3 - u**2 + 4*u - 1. What are the prime factors of f(2)?
5, 13, 19
Let o(t) = 38*t**3 + 2*t**2 + 1. Let d(n) = -151*n**3 - 9*n**2 - 5. Let c(l) = -2*d(l) - 9*o(l). What are the prime factors of c(-1)?
41
Let c(y) = -3*y - 5. Let a be c(-8). Suppose 3*z - 4*j = -18, -2*z = -2*j - 3*j + a. List the prime factors of 22 - ((-3 - z) + -2).
5
Let y(f) = -9*f**3 - 23*f**2 - 4*f + 4. What are the prime factors of y(-6)?
2, 11, 13
Let u = -7 - -7. Suppose -5*n - 3*l + 2*l + 19 = 0, 5*n - 2*l - 7 = u. Suppose -m - n*m = 4*h - 168, 5*h - 2*m - 182 = 0. List the prime factors of h.
2, 19
Let h(l) = -13*l**2 + 9*l - 7. Let g(f) = -f - 1. Let x(d) = -4*g(d) - h(d). List the prime factors of x(3).
113
Suppose 3*l + 4*c - c - 24 = 0, 0 = l + 2*c - 9. List the prime factors of 2*l*99/18.
7, 11
Suppose 11*b - 41393 + 7029 = 0. What are the prime factors of b?
2, 11, 71
Let f = 63 - 36. Suppose -26*v = -f*v + 25. What are the prime factors of v?
5
Let o = 2023 - 554. What are the prime factors of o?
13, 113
Let u(d) = d**3 - 6*d**2 - 5*d - 9. Let t be u(7). Suppose -t*b + i = 384, 216 = -3*b - 7*i + 4*i. Let o = b - -112. What are the prime factors of o?
2, 3
What are the prime factors of 290*(-4)/((-80)/12)?
2, 3, 29
Suppose 0 = -3*a + 15, 0*q - 4*a = -2*q + 916. What are the prime factors of q?
2, 3, 13
Let o = 35 - 26. Let t(k) = 18*k - 20. What are the prime factors of t(o)?
2, 71
Let q(v) = 2*v**3 + 63*v**2 - 141*v + 43. What are the prime factors of q(-33)?
1429
What are the prime factors of (-3)/(-1)*14910/70?
3, 71
Suppose -3*z + 15 = -0. Let h(t) = z*t - 9*t + 3*t + 13. List the prime fac